re the prime factors of 3890187?
3, 7, 2287
What are the prime factors of 9581773?
9581773
What are the prime factors of 14649747?
3, 7, 101, 6907
List the prime factors of 3981786.
2, 3, 663631
List the prime factors of 19736246.
2, 53, 186191
What are the prime factors of 18137310?
2, 3, 5, 89, 6793
List the prime factors of 42776857.
149, 287093
What are the prime factors of 857832?
2, 3, 31, 1153
What are the prime factors of 176405?
5, 35281
List the prime factors of 243435.
3, 5, 16229
What are the prime factors of 1587521?
13, 122117
List the prime factors of 24066971.
43, 631, 887
What are the prime factors of 392388?
2, 3, 19, 1721
List the prime factors of 1246274.
2, 139, 4483
List the prime factors of 3176777.
47, 257, 263
What are the prime factors of 217397?
217397
List the prime factors of 653294.
2, 31, 41, 257
What are the prime factors of 89993?
31, 2903
List the prime factors of 1684628.
2, 11, 38287
What are the prime factors of 911884?
2, 277, 823
List the prime factors of 4739103.
3, 613, 859
List the prime factors of 1378519.
1378519
What are the prime factors of 57612?
2, 3, 4801
List the prime factors of 190884.
2, 3, 15907
What are the prime factors of 5785420?
2, 5, 23, 12577
List the prime factors of 8898503.
181, 211, 233
What are the prime factors of 14925601?
31, 43, 11197
What are the prime factors of 6976183?
2459, 2837
What are the prime factors of 599470?
2, 5, 151, 397
List the prime factors of 660609.
3, 43, 569
What are the prime factors of 6495118?
2, 7, 47, 9871
What are the prime factors of 307481?
307481
List the prime factors of 422925.
3, 5, 5639
What are the prime factors of 103857?
3, 13, 2663
List the prime factors of 293425.
5, 11, 97
What are the prime factors of 30574117?
7, 173, 25247
What are the prime factors of 749550?
2, 3, 5, 19, 263
What are the prime factors of 15576?
2, 3, 11, 59
List the prime factors of 865213.
865213
List the prime factors of 5171607.
3, 7, 1303
List the prime factors of 537970.
2, 5, 23, 2339
What are the prime factors of 25437010?
2, 5, 19, 83, 1613
What are the prime factors of 195802?
2, 47, 2083
List the prime factors of 111044.
2, 17, 23, 71
List the prime factors of 419276.
2, 11, 13, 733
What are the prime factors of 3574706?
2, 23, 77711
What are the prime factors of 18812756?
2, 4703189
What are the prime factors of 13049928?
2, 3, 211, 859
List the prime factors of 527166.
2, 3, 29287
List the prime factors of 6228555.
3, 5, 521, 797
What are the prime factors of 356459?
19, 73, 257
What are the prime factors of 10009745?
5, 31, 64579
What are the prime factors of 2374274?
2, 7, 169591
What are the prime factors of 97148?
2, 149, 163
What are the prime factors of 647258?
2, 17, 19037
List the prime factors of 142950.
2, 3, 5, 953
What are the prime factors of 15203503?
7, 2171929
List the prime factors of 1172184.
2, 3, 13, 17
What are the prime factors of 1804616?
2, 11, 20507
What are the prime factors of 2004015?
3, 5, 13, 43, 239
What are the prime factors of 3821150?
2, 5, 76423
What are the prime factors of 274463?
7, 39209
List the prime factors of 490505.
5, 98101
List the prime factors of 3655142.
2, 307, 5953
List the prime factors of 1469925.
3, 5, 47, 139
What are the prime factors of 324149?
7, 46307
What are the prime factors of 9642212?
2, 2410553
List the prime factors of 16407230.
2, 5, 7, 47, 4987
What are the prime factors of 22986511?
383, 60017
What are the prime factors of 15755073?
3, 17, 308923
List the prime factors of 154992.
2, 3, 3229
What are the prime factors of 142670?
2, 5, 11, 1297
What are the prime factors of 520948?
2, 17, 47, 163
List the prime factors of 10470651.
3, 3490217
List the prime factors of 1229966.
2, 614983
What are the prime factors of 2173971?
3, 557, 1301
What are the prime factors of 365610?
2, 3, 5, 7, 1741
List the prime factors of 12901181.
17, 758893
List the prime factors of 511507.
511507
List the prime factors of 506343.
3, 168781
What are the prime factors of 211024?
2, 11, 109
List the prime factors of 2398460.
2, 5, 119923
What are the prime factors of 58998?
2, 3, 9833
List the prime factors of 6254781.
3, 13, 19, 23, 367
List the prime factors of 3438446.
2, 11, 73, 2141
List the prime factors of 1904106.
2, 3, 317351
What are the prime factors of 1334502?
2, 3, 13, 1901
What are the prime factors of 3460?
2, 5, 173
List the prime factors of 3388694.
2, 193, 8779
List the prime factors of 4304537.
383, 11239
What are the prime factors of 2358526?
2, 1179263
What are the prime factors of 1347786?
2, 3, 11, 2269
What are the prime factors of 5242738?
2, 2621369
List the prime factors of 379975.
5, 15199
What are the prime factors of 166434?
2, 3, 27739
What are the prime factors of 11449189?
1129, 10141
List the prime factors of 760733.
17, 73, 613
What are the prime factors of 288949?
17, 23, 739
What are the prime factors of 417632?
2, 31, 421
List the prime factors of 1323559.
19, 69661
List the prime factors of 36562.
2, 101, 181
What are the prime factors of 575956?
2, 109, 1321
List the prime factors of 4534587.
3, 31, 16253
What are the prime factors of 8364585?
3, 5, 557639
List the prime factors of 43758.
2, 3, 11, 13, 17
What are the prime factors of 154277?
154277
List the prime factors of 16307649.
3, 201329
List the prime factors of 10839432.
2, 3, 79, 5717
What are the prime factors of 753784?
2, 59, 1597
List the prime factors of 784036.
2, 11, 103, 173
List the prime factors of 241766.
2, 7, 2467
What are the prime factors of 444452?
2, 23, 4831
What are the prime factors of 1200452?
2, 11, 27283
List the prime factors of 4306331.
19, 226649
What are the prime factors of 14763673?
409, 36097
What are the prime factors of 4053729?
3, 1351243
List the prime factors of 362304.
2, 3, 17, 37
List the prime factors of 30497995.
5, 11, 29, 19121
What are the prime factors of 8088257?
43, 79, 2381
List the prime factors of 2078769.
3, 7, 11, 8999
What are the prime factors of 5232?
2, 3, 109
List the prime factors of 445090.
2, 5, 47, 947
What are the prime factors of 163555?
5, 7, 4673
What are the prime factors of 400691?
19, 21089
List the prime factors of 146106.
2, 3, 8117
List the prime factors of 1728210.
2, 3, 5, 11, 5237
What are the prime factors of 8386187?
163, 51449
What are the prime factors of 188986?
2, 7, 13499
List the prime factors of 11690137.
11690137
List the prime factors of 990603.
3, 19, 1931
What are the prime factors of 10461425?
5, 13, 32189
What are the prime factors of 797615?
5, 7, 13, 1753
List the prime factors of 864031.
7, 123433
What are the prime factors of 246635?
5, 107, 461
List the prime factors of 5035093.
7, 211, 487
List the prime factors of 10270707.
3, 3423569
List the prime factors of 999020.
2, 5, 11, 19, 239
What are the prime factors of 8311418?
2, 23, 281, 643
What are the prime factors of 395266?
2, 257, 769
List the prime factors of 8726907.
3, 7, 415567
List the prime factors of 226390.
2, 5, 22639
What are the prime factors of 90743?
103, 881
What are the prime factors of 2106822?
2, 3, 31, 47, 241
List the prime factors of 4594519.
4594519
List the prime factors of 8093952.
2, 3, 1171
List the prime factors of 2644287.
3, 19, 23, 2017
List the prime factors of 5307477.
3, 7, 252737
List the prime factors of 1073152.
2, 131
List the prime factors of 90114.
2, 3, 23, 653
What are the prime factors of 1482305?
5, 11, 26951
What are the prime factors of 1362706?
2, 467, 1459
What are the prime factors of 977310?
2, 3, 5, 10859
What are the prime factors of 168810?
2, 3, 5, 17, 331
What are the prime factors of 6472380?
2, 3, 5, 107873
What are the prime factors of 4068599?
281, 14479
What are the prime factors of 203171?
137, 1483
What are the prime factors of 628837?
11, 5197
What are the prime factors of 1216949?
101, 12049
What are the prime factors of 550288?
2, 163, 211
What are the prime factors of 142521?
3, 47507
List the prime factors of 342113.
29, 47, 251
What are the prime factors of 139115?
5, 27823
What are the prime factors of 4138567?
4138567
List the prime factors of 484280.
2, 5, 12107
List the prime factors of 105895.
5, 21179
List the prime factors of 91050.
2, 3, 5, 607
What are the prime factors of 7642347?